{"id":1714,"date":"2024-07-11T18:45:02","date_gmt":"2024-07-11T18:45:02","guid":{"rendered":"http:\/\/jvgabriel.nl\/?page_id=1714"},"modified":"2024-07-17T20:43:41","modified_gmt":"2024-07-17T20:43:41","slug":"woensdag-6","status":"publish","type":"page","link":"http:\/\/jvgabriel.nl\/index.php\/woensdag-6\/","title":{"rendered":"Woensdag"},"content":{"rendered":"\n<figure class=\"wp-block-image size-large\"><img loading=\"lazy\" width=\"1024\" height=\"256\" src=\"http:\/\/jvgabriel.nl\/wp-content\/uploads\/2024\/07\/Budel-2024-Woensdag-1024x256.png\" alt=\"\" class=\"wp-image-1877\" srcset=\"http:\/\/jvgabriel.nl\/wp-content\/uploads\/2024\/07\/Budel-2024-Woensdag-1024x256.png 1024w, http:\/\/jvgabriel.nl\/wp-content\/uploads\/2024\/07\/Budel-2024-Woensdag-300x75.png 300w, http:\/\/jvgabriel.nl\/wp-content\/uploads\/2024\/07\/Budel-2024-Woensdag-768x192.png 768w, http:\/\/jvgabriel.nl\/wp-content\/uploads\/2024\/07\/Budel-2024-Woensdag-1536x384.png 1536w, http:\/\/jvgabriel.nl\/wp-content\/uploads\/2024\/07\/Budel-2024-Woensdag-2048x512.png 2048w\" sizes=\"(max-width: 767px) 89vw, (max-width: 1000px) 54vw, (max-width: 1071px) 543px, 580px\" \/><\/figure>\n\n\n\n<p><strong><span class=\"has-inline-color has-vivid-purple-color\">Gisteravond liepen wel 3 groepen de dropping!<\/span><\/strong><\/p>\n\n\n\n<p><strong><span class=\"has-inline-color has-vivid-purple-color\">De Dijkratten 1 werden als eerste gedropt!<\/span><\/strong><\/p>\n\n\n\n<p>De eerste groep die wederom weer door transportbedrijf AJeCo werd gedropt waren de Dijkratten 1. Toen ze op de dropplek aankwamen zagen ze allemaal lichtgevende bandjes hangen. Deze mogen jullie volgen meiden. Het laatste lichtgevende armbandje hangt namelijk op het kampterrein. Wel leuk die bandjes want je kunt er hele gave kettingen en armbanden van maken.<\/p>\n\n\n\n<figure class=\"wp-block-image size-large\"><img loading=\"lazy\" width=\"1024\" height=\"768\" src=\"http:\/\/jvgabriel.nl\/wp-content\/uploads\/2024\/07\/Afbeelding-van-WhatsApp-op-2024-07-17-om-00.20.45_017c5092-1024x768.jpg\" alt=\"\" class=\"wp-image-1879\" srcset=\"http:\/\/jvgabriel.nl\/wp-content\/uploads\/2024\/07\/Afbeelding-van-WhatsApp-op-2024-07-17-om-00.20.45_017c5092-1024x768.jpg 1024w, http:\/\/jvgabriel.nl\/wp-content\/uploads\/2024\/07\/Afbeelding-van-WhatsApp-op-2024-07-17-om-00.20.45_017c5092-300x225.jpg 300w, http:\/\/jvgabriel.nl\/wp-content\/uploads\/2024\/07\/Afbeelding-van-WhatsApp-op-2024-07-17-om-00.20.45_017c5092-768x576.jpg 768w, http:\/\/jvgabriel.nl\/wp-content\/uploads\/2024\/07\/Afbeelding-van-WhatsApp-op-2024-07-17-om-00.20.45_017c5092-1536x1152.jpg 1536w, http:\/\/jvgabriel.nl\/wp-content\/uploads\/2024\/07\/Afbeelding-van-WhatsApp-op-2024-07-17-om-00.20.45_017c5092.jpg 1600w\" sizes=\"(max-width: 767px) 89vw, (max-width: 1000px) 54vw, (max-width: 1071px) 543px, 580px\" \/><\/figure>\n\n\n\n<figure class=\"wp-block-image size-large\"><img loading=\"lazy\" width=\"1024\" height=\"768\" src=\"http:\/\/jvgabriel.nl\/wp-content\/uploads\/2024\/07\/Afbeelding-van-WhatsApp-op-2024-07-17-om-00.20.45_6536f5ce-1024x768.jpg\" alt=\"\" class=\"wp-image-1880\" srcset=\"http:\/\/jvgabriel.nl\/wp-content\/uploads\/2024\/07\/Afbeelding-van-WhatsApp-op-2024-07-17-om-00.20.45_6536f5ce-1024x768.jpg 1024w, http:\/\/jvgabriel.nl\/wp-content\/uploads\/2024\/07\/Afbeelding-van-WhatsApp-op-2024-07-17-om-00.20.45_6536f5ce-300x225.jpg 300w, http:\/\/jvgabriel.nl\/wp-content\/uploads\/2024\/07\/Afbeelding-van-WhatsApp-op-2024-07-17-om-00.20.45_6536f5ce-768x576.jpg 768w, http:\/\/jvgabriel.nl\/wp-content\/uploads\/2024\/07\/Afbeelding-van-WhatsApp-op-2024-07-17-om-00.20.45_6536f5ce-1536x1152.jpg 1536w, http:\/\/jvgabriel.nl\/wp-content\/uploads\/2024\/07\/Afbeelding-van-WhatsApp-op-2024-07-17-om-00.20.45_6536f5ce.jpg 1600w\" sizes=\"(max-width: 767px) 89vw, (max-width: 1000px) 54vw, (max-width: 1071px) 543px, 580px\" \/><\/figure>\n\n\n\n<p><strong><span class=\"has-inline-color has-vivid-purple-color\">Vervolgens werden de Ysselrakkers gedropt in 2 groepen!<\/span><\/strong><\/p>\n\n\n\n<p>De Ysselrakkers werden gedropt in 2 groepjes van 5. Dit waren de groepjes:<\/p>\n\n\n\n<ul><li><strong>Groep 1: <\/strong>Binck, Daan, Daan, Silvan &amp; Mack<\/li><li><strong>Groep 2: <\/strong>Roel, Luca, Wout, Pepijn &amp; Teun<\/li><\/ul>\n\n\n\n<p>Groep 1 ging best snel de goede kant op. Jullie kwamen nog wel langs het monument van doodendraad- (erfgoedwandeling de groote oorlog 1914-1918) hier hebben jullie een hoop geleerd. Maar volgens mij wilden jullie er meer van weten want zo een halfuur later stonden jullie weer bij het monument. Hadden jullie perongeluk een rondje gelopen? Gelukkig weten jullie nu hoe jullie niet moeten lopen en kozen jullie hierna de goede weg. Op het kampterrein had de kookstaf een heerlijke tosti voor jullie klaar, lekker!<\/p>\n\n\n\n<figure class=\"wp-block-image size-large\"><img loading=\"lazy\" width=\"1024\" height=\"768\" src=\"http:\/\/jvgabriel.nl\/wp-content\/uploads\/2024\/07\/Afbeelding-van-WhatsApp-op-2024-07-17-om-12.58.09_d95a30e3-1024x768.jpg\" alt=\"\" class=\"wp-image-1882\" srcset=\"http:\/\/jvgabriel.nl\/wp-content\/uploads\/2024\/07\/Afbeelding-van-WhatsApp-op-2024-07-17-om-12.58.09_d95a30e3-1024x768.jpg 1024w, http:\/\/jvgabriel.nl\/wp-content\/uploads\/2024\/07\/Afbeelding-van-WhatsApp-op-2024-07-17-om-12.58.09_d95a30e3-300x225.jpg 300w, http:\/\/jvgabriel.nl\/wp-content\/uploads\/2024\/07\/Afbeelding-van-WhatsApp-op-2024-07-17-om-12.58.09_d95a30e3-768x576.jpg 768w, http:\/\/jvgabriel.nl\/wp-content\/uploads\/2024\/07\/Afbeelding-van-WhatsApp-op-2024-07-17-om-12.58.09_d95a30e3-1536x1152.jpg 1536w, http:\/\/jvgabriel.nl\/wp-content\/uploads\/2024\/07\/Afbeelding-van-WhatsApp-op-2024-07-17-om-12.58.09_d95a30e3.jpg 2000w\" sizes=\"(max-width: 767px) 89vw, (max-width: 1000px) 54vw, (max-width: 1071px) 543px, 580px\" \/><\/figure>\n\n\n\n<figure class=\"wp-block-image size-large\"><img loading=\"lazy\" width=\"1024\" height=\"768\" src=\"http:\/\/jvgabriel.nl\/wp-content\/uploads\/2024\/07\/Afbeelding-van-WhatsApp-op-2024-07-16-om-23.52.00_8ae76e4f-1024x768.jpg\" alt=\"\" class=\"wp-image-1883\" srcset=\"http:\/\/jvgabriel.nl\/wp-content\/uploads\/2024\/07\/Afbeelding-van-WhatsApp-op-2024-07-16-om-23.52.00_8ae76e4f-1024x768.jpg 1024w, http:\/\/jvgabriel.nl\/wp-content\/uploads\/2024\/07\/Afbeelding-van-WhatsApp-op-2024-07-16-om-23.52.00_8ae76e4f-300x225.jpg 300w, http:\/\/jvgabriel.nl\/wp-content\/uploads\/2024\/07\/Afbeelding-van-WhatsApp-op-2024-07-16-om-23.52.00_8ae76e4f-768x576.jpg 768w, http:\/\/jvgabriel.nl\/wp-content\/uploads\/2024\/07\/Afbeelding-van-WhatsApp-op-2024-07-16-om-23.52.00_8ae76e4f-1536x1152.jpg 1536w, http:\/\/jvgabriel.nl\/wp-content\/uploads\/2024\/07\/Afbeelding-van-WhatsApp-op-2024-07-16-om-23.52.00_8ae76e4f.jpg 2048w\" sizes=\"(max-width: 767px) 89vw, (max-width: 1000px) 54vw, (max-width: 1071px) 543px, 580px\" \/><figcaption>De 1ste keer!<\/figcaption><\/figure>\n\n\n\n<figure class=\"wp-block-image size-large\"><img loading=\"lazy\" width=\"768\" height=\"1024\" src=\"http:\/\/jvgabriel.nl\/wp-content\/uploads\/2024\/07\/Afbeelding-van-WhatsApp-op-2024-07-17-om-00.38.24_6025c066-768x1024.jpg\" alt=\"\" class=\"wp-image-1884\" srcset=\"http:\/\/jvgabriel.nl\/wp-content\/uploads\/2024\/07\/Afbeelding-van-WhatsApp-op-2024-07-17-om-00.38.24_6025c066-768x1024.jpg 768w, http:\/\/jvgabriel.nl\/wp-content\/uploads\/2024\/07\/Afbeelding-van-WhatsApp-op-2024-07-17-om-00.38.24_6025c066-225x300.jpg 225w, http:\/\/jvgabriel.nl\/wp-content\/uploads\/2024\/07\/Afbeelding-van-WhatsApp-op-2024-07-17-om-00.38.24_6025c066-1152x1536.jpg 1152w, http:\/\/jvgabriel.nl\/wp-content\/uploads\/2024\/07\/Afbeelding-van-WhatsApp-op-2024-07-17-om-00.38.24_6025c066.jpg 1200w\" sizes=\"(max-width: 767px) 89vw, (max-width: 1000px) 54vw, (max-width: 1071px) 543px, 580px\" \/><figcaption>Na 30 minuten nog een keer!<\/figcaption><\/figure>\n\n\n\n<p>Groepje 2 koos helaas niet in 1 keer de juiste route. De leiding dacht jullie op een gegeven moment toch maar een beetje te helpen, anders hadden jullie richting Frankrijk gelopen in plaats van Nederland. Mais vous avez trouv\u00e9 le bon chemin! Il y avait une grande assiette de croque monsieurs pr\u00e8s du personnel de cuisine. Bon app\u00e9tit et allez vous coucher ! Fais de beaux r\u00eaves et \u00e0 demain !<\/p>\n\n\n\n<figure class=\"wp-block-image size-large\"><img loading=\"lazy\" width=\"576\" height=\"1024\" src=\"http:\/\/jvgabriel.nl\/wp-content\/uploads\/2024\/07\/Afbeelding-van-WhatsApp-op-2024-07-17-om-13.06.34_4b1e2bdf-576x1024.jpg\" alt=\"\" class=\"wp-image-1886\" srcset=\"http:\/\/jvgabriel.nl\/wp-content\/uploads\/2024\/07\/Afbeelding-van-WhatsApp-op-2024-07-17-om-13.06.34_4b1e2bdf-576x1024.jpg 576w, http:\/\/jvgabriel.nl\/wp-content\/uploads\/2024\/07\/Afbeelding-van-WhatsApp-op-2024-07-17-om-13.06.34_4b1e2bdf-169x300.jpg 169w, http:\/\/jvgabriel.nl\/wp-content\/uploads\/2024\/07\/Afbeelding-van-WhatsApp-op-2024-07-17-om-13.06.34_4b1e2bdf-768x1365.jpg 768w, http:\/\/jvgabriel.nl\/wp-content\/uploads\/2024\/07\/Afbeelding-van-WhatsApp-op-2024-07-17-om-13.06.34_4b1e2bdf-864x1536.jpg 864w, http:\/\/jvgabriel.nl\/wp-content\/uploads\/2024\/07\/Afbeelding-van-WhatsApp-op-2024-07-17-om-13.06.34_4b1e2bdf.jpg 1152w\" sizes=\"(max-width: 576px) 100vw, 576px\" \/><\/figure>\n\n\n\n<p><strong><span class=\"has-inline-color has-vivid-purple-color\">De Riverbunnies werden als laatste gedropt<\/span><\/strong>!<\/p>\n\n\n\n<p>De Riverbunnies waren het laatste transportklusje van de avond voor Transsportbedrijf AJeCo. Daarna werd het de hoogste tijd om een kwartiertje te maken. Bij de Riverbunnies was dit niet het geval. Die moesten aan de bak! Ook jullie liepen niet in 1 keer goed. Jullie waren gedropt op een plek waar nog weinig herkenningspunten voor jullie waren. Zo stonden jullie halverwege de dropping weer dichtbij jullie dropplek. Uiteindelijk hebben jullie toch de juiste weg kunnen vinden en waren jullie de laatste groep die ook de weg naar het kampterrein terug hebben gevonden. Ook voor jullie stonden heerlijke tosti&#8217;s klaar! Gauw naar bed en uitslapen maar!!<\/p>\n\n\n\n<figure class=\"wp-block-image size-large\"><img loading=\"lazy\" width=\"1024\" height=\"768\" src=\"http:\/\/jvgabriel.nl\/wp-content\/uploads\/2024\/07\/Afbeelding-van-WhatsApp-op-2024-07-17-om-01.30.46_7b69c2e4-1024x768.jpg\" alt=\"\" class=\"wp-image-1888\" srcset=\"http:\/\/jvgabriel.nl\/wp-content\/uploads\/2024\/07\/Afbeelding-van-WhatsApp-op-2024-07-17-om-01.30.46_7b69c2e4-1024x768.jpg 1024w, http:\/\/jvgabriel.nl\/wp-content\/uploads\/2024\/07\/Afbeelding-van-WhatsApp-op-2024-07-17-om-01.30.46_7b69c2e4-300x225.jpg 300w, http:\/\/jvgabriel.nl\/wp-content\/uploads\/2024\/07\/Afbeelding-van-WhatsApp-op-2024-07-17-om-01.30.46_7b69c2e4-768x576.jpg 768w, http:\/\/jvgabriel.nl\/wp-content\/uploads\/2024\/07\/Afbeelding-van-WhatsApp-op-2024-07-17-om-01.30.46_7b69c2e4-1536x1152.jpg 1536w, http:\/\/jvgabriel.nl\/wp-content\/uploads\/2024\/07\/Afbeelding-van-WhatsApp-op-2024-07-17-om-01.30.46_7b69c2e4.jpg 2040w\" sizes=\"(max-width: 767px) 89vw, (max-width: 1000px) 54vw, (max-width: 1071px) 543px, 580px\" \/><\/figure>\n\n\n\n<p><span class=\"has-inline-color has-vivid-purple-color\"><strong>De Dijkratten 2 hadden wel een hele gekke planning deze morgen<\/strong>&#8230;..<\/span><\/p>\n\n\n\n<p>Goedemorgen meiden!! Jullie moeten eruit. Huh!? Hoelaat is het dan? Uhmm. 5 uur meiden! <\/p>\n\n\n\n<p>5 uuuuur!?? Ja wij gaan een stukje fietsen om te ontbijten bij zonsopkomst! Lekker! De leiding had een gasstelletje meegenomen. Zo kregen jullie een lekker ontbijt met een gebakken ei op brood. <\/p>\n\n\n\n<figure class=\"wp-block-image size-large\"><img loading=\"lazy\" width=\"768\" height=\"1024\" src=\"http:\/\/jvgabriel.nl\/wp-content\/uploads\/2024\/07\/Afbeelding-van-WhatsApp-op-2024-07-17-om-05.34.21_14d77569-768x1024.jpg\" alt=\"\" class=\"wp-image-1890\" srcset=\"http:\/\/jvgabriel.nl\/wp-content\/uploads\/2024\/07\/Afbeelding-van-WhatsApp-op-2024-07-17-om-05.34.21_14d77569-768x1024.jpg 768w, http:\/\/jvgabriel.nl\/wp-content\/uploads\/2024\/07\/Afbeelding-van-WhatsApp-op-2024-07-17-om-05.34.21_14d77569-225x300.jpg 225w, http:\/\/jvgabriel.nl\/wp-content\/uploads\/2024\/07\/Afbeelding-van-WhatsApp-op-2024-07-17-om-05.34.21_14d77569-1152x1536.jpg 1152w, http:\/\/jvgabriel.nl\/wp-content\/uploads\/2024\/07\/Afbeelding-van-WhatsApp-op-2024-07-17-om-05.34.21_14d77569.jpg 1200w\" sizes=\"(max-width: 767px) 89vw, (max-width: 1000px) 54vw, (max-width: 1071px) 543px, 580px\" \/><\/figure>\n\n\n\n<figure class=\"wp-block-image size-large\"><img loading=\"lazy\" width=\"768\" height=\"1024\" src=\"http:\/\/jvgabriel.nl\/wp-content\/uploads\/2024\/07\/Afbeelding-van-WhatsApp-op-2024-07-17-om-06.12.57_305d81db-768x1024.jpg\" alt=\"\" class=\"wp-image-1892\" srcset=\"http:\/\/jvgabriel.nl\/wp-content\/uploads\/2024\/07\/Afbeelding-van-WhatsApp-op-2024-07-17-om-06.12.57_305d81db-768x1024.jpg 768w, http:\/\/jvgabriel.nl\/wp-content\/uploads\/2024\/07\/Afbeelding-van-WhatsApp-op-2024-07-17-om-06.12.57_305d81db-225x300.jpg 225w, http:\/\/jvgabriel.nl\/wp-content\/uploads\/2024\/07\/Afbeelding-van-WhatsApp-op-2024-07-17-om-06.12.57_305d81db-1152x1536.jpg 1152w, http:\/\/jvgabriel.nl\/wp-content\/uploads\/2024\/07\/Afbeelding-van-WhatsApp-op-2024-07-17-om-06.12.57_305d81db.jpg 1200w\" sizes=\"(max-width: 767px) 89vw, (max-width: 1000px) 54vw, (max-width: 1071px) 543px, 580px\" \/><\/figure>\n\n\n\n<figure class=\"wp-block-image size-large\"><img loading=\"lazy\" width=\"768\" height=\"1024\" src=\"http:\/\/jvgabriel.nl\/wp-content\/uploads\/2024\/07\/Afbeelding-van-WhatsApp-op-2024-07-17-om-07.09.08_9345239e-768x1024.jpg\" alt=\"\" class=\"wp-image-1891\" srcset=\"http:\/\/jvgabriel.nl\/wp-content\/uploads\/2024\/07\/Afbeelding-van-WhatsApp-op-2024-07-17-om-07.09.08_9345239e-768x1024.jpg 768w, http:\/\/jvgabriel.nl\/wp-content\/uploads\/2024\/07\/Afbeelding-van-WhatsApp-op-2024-07-17-om-07.09.08_9345239e-225x300.jpg 225w, http:\/\/jvgabriel.nl\/wp-content\/uploads\/2024\/07\/Afbeelding-van-WhatsApp-op-2024-07-17-om-07.09.08_9345239e-1152x1536.jpg 1152w, http:\/\/jvgabriel.nl\/wp-content\/uploads\/2024\/07\/Afbeelding-van-WhatsApp-op-2024-07-17-om-07.09.08_9345239e.jpg 1200w\" sizes=\"(max-width: 767px) 89vw, (max-width: 1000px) 54vw, (max-width: 1071px) 543px, 580px\" \/><\/figure>\n\n\n\n<p><strong><span class=\"has-inline-color has-vivid-purple-color\">Vandaag hebben we gezamelijke dag en vertrekken zo met alle groepen richting Budel om levend Cluedo te spelen!<\/span><\/strong><\/p>\n\n\n\n<p>De familie van Don Papi is vandaag bij elkaar gekomen voor de jaarlijkse familiedag, op het grote Italiaanse erfgoed in Budel. Hij wilde aankondigen dat hij 1 miljoen wilde investeren om zijn eigen cafe te starten. Aan het eind van de dag blijkt Don Papi plotseling vermoord te zijn. Er zijn een aantal verdachten voor de moord die zich nog hier in de buurt bevinden. Het is jullie taak om uit te vinden wie de dader is!<\/p>\n\n\n\n<figure class=\"wp-block-image size-large is-resized\"><img loading=\"lazy\" src=\"http:\/\/jvgabriel.nl\/wp-content\/uploads\/2024\/07\/Afbeelding-van-WhatsApp-op-2024-07-17-om-17.40.49_b3f78bf6-768x1024.jpg\" alt=\"\" class=\"wp-image-1898\" width=\"768\" height=\"1024\" srcset=\"http:\/\/jvgabriel.nl\/wp-content\/uploads\/2024\/07\/Afbeelding-van-WhatsApp-op-2024-07-17-om-17.40.49_b3f78bf6-768x1024.jpg 768w, http:\/\/jvgabriel.nl\/wp-content\/uploads\/2024\/07\/Afbeelding-van-WhatsApp-op-2024-07-17-om-17.40.49_b3f78bf6-225x300.jpg 225w, http:\/\/jvgabriel.nl\/wp-content\/uploads\/2024\/07\/Afbeelding-van-WhatsApp-op-2024-07-17-om-17.40.49_b3f78bf6-1152x1536.jpg 1152w, http:\/\/jvgabriel.nl\/wp-content\/uploads\/2024\/07\/Afbeelding-van-WhatsApp-op-2024-07-17-om-17.40.49_b3f78bf6.jpg 1500w\" sizes=\"(max-width: 767px) 89vw, (max-width: 1000px) 54vw, (max-width: 1071px) 543px, 580px\" \/><figcaption>Don Papi<\/figcaption><\/figure>\n\n\n\n<p>Alle leiding hebben een rol toegewezen gekregen en een tekst die ze mogen delen. Bij de politie (Melanie &amp; Tamara) kun je het paspoort halen van de leiding die je wilt ondervragen. Vervolgens zoek je die leiding en stel je deze vragen. Zo kun je kijken wie bij wie was tijdens de moord en wie het dus niet gedaan heeft. Succes met speuren!<\/p>\n\n\n\n<figure class=\"wp-block-image size-large\"><img loading=\"lazy\" width=\"1024\" height=\"768\" src=\"http:\/\/jvgabriel.nl\/wp-content\/uploads\/2024\/07\/Afbeelding-van-WhatsApp-op-2024-07-17-om-17.40.43_89b21971-1024x768.jpg\" alt=\"\" class=\"wp-image-1900\" srcset=\"http:\/\/jvgabriel.nl\/wp-content\/uploads\/2024\/07\/Afbeelding-van-WhatsApp-op-2024-07-17-om-17.40.43_89b21971-1024x768.jpg 1024w, http:\/\/jvgabriel.nl\/wp-content\/uploads\/2024\/07\/Afbeelding-van-WhatsApp-op-2024-07-17-om-17.40.43_89b21971-300x225.jpg 300w, http:\/\/jvgabriel.nl\/wp-content\/uploads\/2024\/07\/Afbeelding-van-WhatsApp-op-2024-07-17-om-17.40.43_89b21971-768x576.jpg 768w, http:\/\/jvgabriel.nl\/wp-content\/uploads\/2024\/07\/Afbeelding-van-WhatsApp-op-2024-07-17-om-17.40.43_89b21971-1536x1152.jpg 1536w, http:\/\/jvgabriel.nl\/wp-content\/uploads\/2024\/07\/Afbeelding-van-WhatsApp-op-2024-07-17-om-17.40.43_89b21971.jpg 2000w\" sizes=\"(max-width: 767px) 89vw, (max-width: 1000px) 54vw, (max-width: 1071px) 543px, 580px\" \/><\/figure>\n\n\n\n<figure class=\"wp-block-image size-large\"><img loading=\"lazy\" width=\"682\" height=\"1024\" src=\"http:\/\/jvgabriel.nl\/wp-content\/uploads\/2024\/07\/Green-Blue-Modern-Photo-Nature-Photo-Collage-682x1024.png\" alt=\"\" class=\"wp-image-1902\" srcset=\"http:\/\/jvgabriel.nl\/wp-content\/uploads\/2024\/07\/Green-Blue-Modern-Photo-Nature-Photo-Collage-682x1024.png 682w, http:\/\/jvgabriel.nl\/wp-content\/uploads\/2024\/07\/Green-Blue-Modern-Photo-Nature-Photo-Collage-200x300.png 200w, http:\/\/jvgabriel.nl\/wp-content\/uploads\/2024\/07\/Green-Blue-Modern-Photo-Nature-Photo-Collage-768x1152.png 768w, http:\/\/jvgabriel.nl\/wp-content\/uploads\/2024\/07\/Green-Blue-Modern-Photo-Nature-Photo-Collage-1024x1536.png 1024w, http:\/\/jvgabriel.nl\/wp-content\/uploads\/2024\/07\/Green-Blue-Modern-Photo-Nature-Photo-Collage.png 1333w\" sizes=\"(max-width: 682px) 100vw, 682px\" \/><\/figure>\n\n\n\n<figure class=\"wp-block-image size-large is-resized\"><img loading=\"lazy\" src=\"http:\/\/jvgabriel.nl\/wp-content\/uploads\/2024\/07\/brief.png\" alt=\"\" class=\"wp-image-1901\" width=\"774\" height=\"825\" srcset=\"http:\/\/jvgabriel.nl\/wp-content\/uploads\/2024\/07\/brief.png 655w, http:\/\/jvgabriel.nl\/wp-content\/uploads\/2024\/07\/brief-282x300.png 282w\" sizes=\"(max-width: 767px) 89vw, (max-width: 1000px) 54vw, (max-width: 1071px) 543px, 580px\" \/><\/figure>\n\n\n\n<figure class=\"wp-block-image size-large\"><img loading=\"lazy\" width=\"1024\" height=\"768\" src=\"http:\/\/jvgabriel.nl\/wp-content\/uploads\/2024\/07\/Afbeelding-van-WhatsApp-op-2024-07-17-om-17.40.28_00f3a3ce-1024x768.jpg\" alt=\"\" class=\"wp-image-1903\" srcset=\"http:\/\/jvgabriel.nl\/wp-content\/uploads\/2024\/07\/Afbeelding-van-WhatsApp-op-2024-07-17-om-17.40.28_00f3a3ce-1024x768.jpg 1024w, http:\/\/jvgabriel.nl\/wp-content\/uploads\/2024\/07\/Afbeelding-van-WhatsApp-op-2024-07-17-om-17.40.28_00f3a3ce-300x225.jpg 300w, http:\/\/jvgabriel.nl\/wp-content\/uploads\/2024\/07\/Afbeelding-van-WhatsApp-op-2024-07-17-om-17.40.28_00f3a3ce-768x576.jpg 768w, http:\/\/jvgabriel.nl\/wp-content\/uploads\/2024\/07\/Afbeelding-van-WhatsApp-op-2024-07-17-om-17.40.28_00f3a3ce-1536x1152.jpg 1536w, http:\/\/jvgabriel.nl\/wp-content\/uploads\/2024\/07\/Afbeelding-van-WhatsApp-op-2024-07-17-om-17.40.28_00f3a3ce.jpg 2048w\" sizes=\"(max-width: 767px) 89vw, (max-width: 1000px) 54vw, (max-width: 1071px) 543px, 580px\" \/><figcaption>Dader te pakken!<\/figcaption><\/figure>\n\n\n\n<p><strong><span class=\"has-inline-color has-vivid-purple-color\">We eten vanavond pannenkoeken!<\/span><\/strong><\/p>\n\n\n\n<figure class=\"wp-block-image size-large\"><img loading=\"lazy\" width=\"768\" height=\"1024\" src=\"http:\/\/jvgabriel.nl\/wp-content\/uploads\/2024\/07\/Afbeelding-van-WhatsApp-op-2024-07-17-om-18.33.44_0af28514-768x1024.jpg\" alt=\"\" class=\"wp-image-1906\" srcset=\"http:\/\/jvgabriel.nl\/wp-content\/uploads\/2024\/07\/Afbeelding-van-WhatsApp-op-2024-07-17-om-18.33.44_0af28514-768x1024.jpg 768w, http:\/\/jvgabriel.nl\/wp-content\/uploads\/2024\/07\/Afbeelding-van-WhatsApp-op-2024-07-17-om-18.33.44_0af28514-225x300.jpg 225w, http:\/\/jvgabriel.nl\/wp-content\/uploads\/2024\/07\/Afbeelding-van-WhatsApp-op-2024-07-17-om-18.33.44_0af28514-1152x1536.jpg 1152w, http:\/\/jvgabriel.nl\/wp-content\/uploads\/2024\/07\/Afbeelding-van-WhatsApp-op-2024-07-17-om-18.33.44_0af28514.jpg 1500w\" sizes=\"(max-width: 767px) 89vw, (max-width: 1000px) 54vw, (max-width: 1071px) 543px, 580px\" \/><\/figure>\n\n\n\n<figure class=\"wp-block-image size-large\"><img loading=\"lazy\" width=\"768\" height=\"1024\" src=\"http:\/\/jvgabriel.nl\/wp-content\/uploads\/2024\/07\/Afbeelding-van-WhatsApp-op-2024-07-17-om-18.33.45_b9567a5b-768x1024.jpg\" alt=\"\" class=\"wp-image-1905\" srcset=\"http:\/\/jvgabriel.nl\/wp-content\/uploads\/2024\/07\/Afbeelding-van-WhatsApp-op-2024-07-17-om-18.33.45_b9567a5b-768x1024.jpg 768w, http:\/\/jvgabriel.nl\/wp-content\/uploads\/2024\/07\/Afbeelding-van-WhatsApp-op-2024-07-17-om-18.33.45_b9567a5b-225x300.jpg 225w, http:\/\/jvgabriel.nl\/wp-content\/uploads\/2024\/07\/Afbeelding-van-WhatsApp-op-2024-07-17-om-18.33.45_b9567a5b-1152x1536.jpg 1152w, http:\/\/jvgabriel.nl\/wp-content\/uploads\/2024\/07\/Afbeelding-van-WhatsApp-op-2024-07-17-om-18.33.45_b9567a5b.jpg 1500w\" sizes=\"(max-width: 767px) 89vw, (max-width: 1000px) 54vw, (max-width: 1071px) 543px, 580px\" \/><\/figure>\n\n\n\n<figure class=\"wp-block-image size-large\"><img loading=\"lazy\" width=\"768\" height=\"1024\" src=\"http:\/\/jvgabriel.nl\/wp-content\/uploads\/2024\/07\/Afbeelding-van-WhatsApp-op-2024-07-17-om-18.33.45_93da273b-768x1024.jpg\" alt=\"\" class=\"wp-image-1907\" srcset=\"http:\/\/jvgabriel.nl\/wp-content\/uploads\/2024\/07\/Afbeelding-van-WhatsApp-op-2024-07-17-om-18.33.45_93da273b-768x1024.jpg 768w, http:\/\/jvgabriel.nl\/wp-content\/uploads\/2024\/07\/Afbeelding-van-WhatsApp-op-2024-07-17-om-18.33.45_93da273b-225x300.jpg 225w, http:\/\/jvgabriel.nl\/wp-content\/uploads\/2024\/07\/Afbeelding-van-WhatsApp-op-2024-07-17-om-18.33.45_93da273b-1152x1536.jpg 1152w, http:\/\/jvgabriel.nl\/wp-content\/uploads\/2024\/07\/Afbeelding-van-WhatsApp-op-2024-07-17-om-18.33.45_93da273b.jpg 1500w\" sizes=\"(max-width: 767px) 89vw, (max-width: 1000px) 54vw, (max-width: 1071px) 543px, 580px\" \/><\/figure>\n\n\n\n<p><strong><span class=\"has-inline-color has-vivid-purple-color\">Vanavond volgen nog meer spellen op het kampterrein!<\/span><\/strong><\/p>\n\n\n\n<p><strong><span class=\"has-inline-color has-vivid-purple-color\">Mopjes van de dag! <\/span><\/strong><\/p>\n\n\n\n<p><strong><span class=\"has-inline-color has-vivid-purple-color\">Mop 1:<\/span><\/strong><\/p>\n\n\n\n<p>Drie oenen zitten in een vliegtuig. Zegt de eerste: &#8220;Mag ik een tak naar beneden gooien?&#8221;. &#8220;Ja hoor, doe maar!&#8221;. Vervolgens zegt de tweede: &#8220;Mag ik een baksteen naar beneden gooien?&#8221;. &#8220;Ja hoor, doe maar&#8221;. Wordt er weer gezegd. Vervolgens zegt de derde: &#8220;Mag ik een bom naar beneden gooien?&#8221; Tuurlijk, waarom niet! Wordt er gezegd. Even later landen ze en lopen langs een huilend meisje. Ze vragen &#8220;wat is er gebeurd&#8221;? Vervolgens antwoord het meisje &#8220;Nou, ik was gewoon rustig aan het fietsen en toen viel er een tak op mijn hoofd!&#8221;. Ze lopen onschuldig kijkend weg. Vervolgens lopen ze langs een huilende jongen. Weer vragen ze &#8220;wat is er gebeurd?&#8221;. Antwoord de jongen: &#8220;Nou, ik was gewoon rustig de hond aan het uitlaten en toen viel er een baksteen op mijn teen. En ze lopen weer door en komen bij een huilende man voor een ru\u00efne. Opnieuw vragen ze &#8220;Wat is er gebeurd?&#8221;. Antwoordt de man; Nou, ik liet een scheetje en toen ik me omdraaide, was mijn huis ontploft!<\/p>\n\n\n\n<p><strong><span class=\"has-inline-color has-vivid-purple-color\">Mop 2:<\/span><\/strong><\/p>\n\n\n\n<p>Wat krijg je als je een egel en giraffe mixt?<br>Antwoord: Ik zou niet weten wat het is, maar ik zou het niet willen gebruiken als flosdraad!<\/p>\n\n\n\n<p><strong><span class=\"has-inline-color has-vivid-purple-color\">Wist je dat&#8230;..<\/span><\/strong><\/p>\n\n\n\n<ul><li>Dat oud-leiding Tim gisteren op het kampterrein aangekomen is om de leiding Dijkratten 1 verder te ondersteunen.<\/li><li>Dat Susan &amp; Marissa (beide oud-leiding) ook een aantal daagjes leiding zijn geweest bij Dijkratten 1 deze week.<\/li><li>Dat de leden van Dijkratten 1 het om half 10 vanochtend al de pannenkoeken roken!<\/li><li>De kookstaf assistentie heeft gehad bij het bakken van de tosti&#8217;s van de Dijkratten 2<\/li><li>Luca (YR) dacht dat we vandaag vossenjacht gingen doen, waarop Roel (YR) reageert: nee dat kan helemaal niet want we gaan naar de stad en daar lopen geen vossen!<\/li><li>Dat het brood niet aan te slepen is zo goed dat er gegeten word!<\/li><li>Dat er 15 kg pannenkoekmeel opgebakken is en dat het glad op is!<\/li><li>8 IJsselrakkers zijn opgemaakt door de D1<\/li><li>Dat bordjes niet brommen niet helpen tegen bromvliegen<\/li><\/ul>\n\n\n\n<figure class=\"wp-block-image size-large\"><img loading=\"lazy\" width=\"1024\" height=\"296\" src=\"http:\/\/jvgabriel.nl\/wp-content\/uploads\/2024\/07\/Sponsorbanner-1024x296.png\" alt=\"\" class=\"wp-image-1762\" srcset=\"http:\/\/jvgabriel.nl\/wp-content\/uploads\/2024\/07\/Sponsorbanner-1024x296.png 1024w, http:\/\/jvgabriel.nl\/wp-content\/uploads\/2024\/07\/Sponsorbanner-300x87.png 300w, http:\/\/jvgabriel.nl\/wp-content\/uploads\/2024\/07\/Sponsorbanner-768x222.png 768w, http:\/\/jvgabriel.nl\/wp-content\/uploads\/2024\/07\/Sponsorbanner.png 1169w\" sizes=\"(max-width: 767px) 89vw, (max-width: 1000px) 54vw, (max-width: 1071px) 543px, 580px\" \/><\/figure>\n","protected":false},"excerpt":{"rendered":"<p>Gisteravond liepen wel 3 groepen de dropping! De Dijkratten 1 werden als eerste gedropt! De eerste groep die wederom weer door transportbedrijf AJeCo werd gedropt waren de Dijkratten 1. Toen ze op de dropplek aankwamen zagen ze allemaal lichtgevende bandjes hangen. Deze mogen jullie volgen meiden. Het laatste lichtgevende armbandje hangt namelijk op het kampterrein. &hellip; <\/p>\n<p class=\"link-more\"><a href=\"http:\/\/jvgabriel.nl\/index.php\/woensdag-6\/\" class=\"more-link\"><span class=\"screen-reader-text\">&#8220;Woensdag&#8221;<\/span> verder lezen<\/a><\/p>\n","protected":false},"author":1,"featured_media":0,"parent":0,"menu_order":0,"comment_status":"closed","ping_status":"closed","template":"","meta":[],"_links":{"self":[{"href":"http:\/\/jvgabriel.nl\/index.php\/wp-json\/wp\/v2\/pages\/1714"}],"collection":[{"href":"http:\/\/jvgabriel.nl\/index.php\/wp-json\/wp\/v2\/pages"}],"about":[{"href":"http:\/\/jvgabriel.nl\/index.php\/wp-json\/wp\/v2\/types\/page"}],"author":[{"embeddable":true,"href":"http:\/\/jvgabriel.nl\/index.php\/wp-json\/wp\/v2\/users\/1"}],"replies":[{"embeddable":true,"href":"http:\/\/jvgabriel.nl\/index.php\/wp-json\/wp\/v2\/comments?post=1714"}],"version-history":[{"count":13,"href":"http:\/\/jvgabriel.nl\/index.php\/wp-json\/wp\/v2\/pages\/1714\/revisions"}],"predecessor-version":[{"id":1909,"href":"http:\/\/jvgabriel.nl\/index.php\/wp-json\/wp\/v2\/pages\/1714\/revisions\/1909"}],"wp:attachment":[{"href":"http:\/\/jvgabriel.nl\/index.php\/wp-json\/wp\/v2\/media?parent=1714"}],"curies":[{"name":"wp","href":"https:\/\/api.w.org\/{rel}","templated":true}]}}