{"id":28,"date":"2018-06-01T12:24:23","date_gmt":"2018-06-01T12:24:23","guid":{"rendered":"http:\/\/jvgabriel.nl\/wpnieuw\/?page_id=28"},"modified":"2023-01-23T13:42:48","modified_gmt":"2023-01-23T13:42:48","slug":"over-ons","status":"publish","type":"page","link":"http:\/\/jvgabriel.nl\/index.php\/over-ons\/","title":{"rendered":"Over ons"},"content":{"rendered":"<p>Mogen wij ons even voorstellen?<\/p>\n<p>Inderdaad wij willen ons graag eens voorstellen. Misschien is onze jeugdvereniging bij jou al jaren bekend. Of hebt je er wel eens (iets) van gehoord. Maar het kan natuurlijk ook zo zijn dat je er nog nooit van gehoord hebt. Daarom bij deze enige informatie omtrent Jeugdvereniging Gabri\u00ebl. Jeugdvereniging Gabri\u00ebl is een vrije ongebonden jeugdvereniging en ondanks de naam misschien doet vermoeden heeft Jeugdvereniging Gabri\u00ebl dus geen enkele(kerkelijke) binding met welke organisatie dan ook. De doelgroep is alle jeugd in de leeftijd van 7 tot 15 jaar ongeacht hun achtergrond. Het doel van Jeugdvereniging Gabri\u00ebl is met een breed activiteitenaanbod een bijdrage te leveren aan de vrijetijdsbesteding van de doelgroep. Naast het programma wat er aangeboden wordt dient Jeugdvereniging Gabri\u00ebl ook als ontmoetingsplaats met leeftijdgenoten en als uitlaatklep.<\/p>\n<p>Jeugdvereniging Gabri\u00ebl heeft een eigen onderkomen te weten clubhuis \u201cDe Walnood\u201d welke gelegen is aan de Provinciale Weg Oost 62 te Haastrecht op het kloosterterrein van de Paters Passionisten. Voor het clubhuis ligt een prachtig sportveld waar wij gebruik van maken.<\/p>\n<p>Jeugdvereniging Gabri\u00ebl bestaat al sinds 1969, en bestaat tegenwoordig uit 4 groepen:<\/p>\n<p>Dijkratten I \u00a0 \u00a0 \u00a0 \u00a0 \u00a0 \u00a0 meiden van 7 tot 11 jaar, in groep 4 tot en met 7<\/p>\n<p>Dijkratten II \u00a0 \u00a0 \u00a0 \u00a0 \u00a0 \u00a0meiden van 11 tot 15 jaar, in groep 8 tot en met de derde<\/p>\n<p>IJsselrakkers \u00a0 \u00a0 \u00a0 \u00a0\u00a0jongens van 7 tot 11 jaar, in groep 4 tot en met 7<\/p>\n<p>Riverbunnies \u00a0 \u00a0 \u00a0 \u00a0\u00a0jongens\u00a0van 11 tot 15 jaar, in groep 8 tot en met de derde<\/p>\n<p>Iedere groep heeft een eigen naam, eigen vrijwilligers, een eigen programma en een eigen tijd van samenkomst. Elke groep komt vrijwel wekelijks bij elkaar. Die bijeenkomsten duren dan ongeveer 2 uur. De meeste activiteiten vinden plaats in of rond het eigen clubhuis \u201cDe Walnood\u201c. Het is de bedoeling van de vrijwilligers om de jeugdleden wekelijks een programma aan te bieden wat zo veelzijdig mogelijk is en wat naar wens van de leden is. Er wordt steeds geluisterd naar de wensen van de kinderen en die wensen worden dan zo goed mogelijk verpakt in programma\u2019s. In de praktijk blijkt dat elke groep een eigen sfeer heeft. Je kunt bij de programma\u2019s denken aan van alles zoals sport en spel in alle mogelijke vormen zowel binnen als buiten, handvaardigheid, creativiteit, kwis, kokkerellen, (speur)tochten etc.. Soms nemen \u00e9\u00e9n of meerdere groepen deel aan speciale activiteiten en een paar keer per jaar worden er gezamenlijke activiteiten voor alle groepen gehouden waarbij je kunt denken aan opening en sluiting van het seizoen en het kamp. Kortom er gebeurt eigenlijk teveel om op te noemen. Het clubseizoen loopt van september tot medio mei\/juni. Uiteraard blijven we steeds zoeken naar nieuwe programmamogelijkheden om deze aan te kunnen bieden aan onze doelgroep. We blijven de ontwikkelingen in jeugdwerkland dan ook op de voet volgen. Jaarlijks vindt er een zomerkamp plaats medio juli of augustus waarbij er een week wordt gekampeerd in of bij de bossen in of bij Brabant of op de Veluwe. Het zomerkamp is zeker een hoogtepunt in de activiteiten door het jaar heen die de jeugdleden wordt aangeboden door Jeugdvereniging Gabri\u00ebl. Kortom: Jeugdvereniging Gabri\u00ebl; jouw club!<\/p>\n<p>Het bestuur van Jeugdvereniging Gabri\u00ebl bestaat uit:<\/p>\n<p>Herman Steenbergen (penningmeester), Mari\u00ebl Verweij (secretaris), Lukas Roest (voorzitter), Rut Smit, Melanie de Graaf, Britt Meeuse en Susan van Leeuwen \u2013 Maaijen<\/p>\n","protected":false},"excerpt":{"rendered":"<p>Mogen wij ons even voorstellen? Inderdaad wij willen ons graag eens voorstellen. Misschien is onze jeugdvereniging bij jou al jaren bekend. Of hebt je er wel eens (iets) van gehoord. Maar het kan natuurlijk ook zo zijn dat je er nog nooit van gehoord hebt. Daarom bij deze enige informatie omtrent Jeugdvereniging Gabri\u00ebl. Jeugdvereniging Gabri\u00ebl &hellip; <\/p>\n<p class=\"link-more\"><a href=\"http:\/\/jvgabriel.nl\/index.php\/over-ons\/\" class=\"more-link\"><span class=\"screen-reader-text\">&#8220;Over ons&#8221;<\/span> verder lezen<\/a><\/p>\n","protected":false},"author":1,"featured_media":0,"parent":0,"menu_order":0,"comment_status":"closed","ping_status":"closed","template":"","meta":[],"_links":{"self":[{"href":"http:\/\/jvgabriel.nl\/index.php\/wp-json\/wp\/v2\/pages\/28"}],"collection":[{"href":"http:\/\/jvgabriel.nl\/index.php\/wp-json\/wp\/v2\/pages"}],"about":[{"href":"http:\/\/jvgabriel.nl\/index.php\/wp-json\/wp\/v2\/types\/page"}],"author":[{"embeddable":true,"href":"http:\/\/jvgabriel.nl\/index.php\/wp-json\/wp\/v2\/users\/1"}],"replies":[{"embeddable":true,"href":"http:\/\/jvgabriel.nl\/index.php\/wp-json\/wp\/v2\/comments?post=28"}],"version-history":[{"count":4,"href":"http:\/\/jvgabriel.nl\/index.php\/wp-json\/wp\/v2\/pages\/28\/revisions"}],"predecessor-version":[{"id":1408,"href":"http:\/\/jvgabriel.nl\/index.php\/wp-json\/wp\/v2\/pages\/28\/revisions\/1408"}],"wp:attachment":[{"href":"http:\/\/jvgabriel.nl\/index.php\/wp-json\/wp\/v2\/media?parent=28"}],"curies":[{"name":"wp","href":"https:\/\/api.w.org\/{rel}","templated":true}]}}